5208 is divided by 10.
8
Calculate the remainder when 67 is divided by 12.
7
Calculate the remainder when 6128 is divided by 12.
8
What is the remainder when 2459 is divided by 145?
139
What is the remainder when 156 is divided by 124?
32
What is the remainder when 172 is divided by 67?
38
What is the remainder when 351 is divided by 22?
21
Calculate the remainder when 1194 is divided by 174.
150
What is the remainder when 310 is divided by 78?
76
What is the remainder when 856 is divided by 159?
61
What is the remainder when 246 is divided by 25?
21
What is the remainder when 465 is divided by 45?
15
What is the remainder when 3166 is divided by 102?
4
What is the remainder when 2594 is divided by 118?
116
What is the remainder when 2235 is divided by 86?
85
What is the remainder when 369 is divided by 31?
28
What is the remainder when 466 is divided by 117?
115
What is the remainder when 68 is divided by 24?
20
Calculate the remainder when 63 is divided by 40.
23
Calculate the remainder when 64 is divided by 11.
9
Calculate the remainder when 451 is divided by 35.
31
Calculate the remainder when 2254 is divided by 203.
21
Calculate the remainder when 538 is divided by 34.
28
Calculate the remainder when 98 is divided by 51.
47
Calculate the remainder when 284 is divided by 174.
110
What is the remainder when 121 is divided by 65?
56
Calculate the remainder when 185 is divided by 47.
44
Calculate the remainder when 2863 is divided by 61.
57
Calculate the remainder when 549 is divided by 180.
9
What is the remainder when 82 is divided by 17?
14
Calculate the remainder when 390 is divided by 28.
26
What is the remainder when 2066 is divided by 237?
170
Calculate the remainder when 42 is divided by 15.
12
Calculate the remainder when 40 is divided by 6.
4
What is the remainder when 976 is divided by 14?
10
Calculate the remainder when 1306 is divided by 32.
26
What is the remainder when 357 is divided by 4?
1
Calculate the remainder when 150 is divided by 141.
9
What is the remainder when 1747 is divided by 14?
11
What is the remainder when 3497 is divided by 50?
47
Calculate the remainder when 49 is divided by 16.
1
What is the remainder when 1042 is divided by 30?
22
What is the remainder when 38 is divided by 14?
10
Calculate the remainder when 94 is divided by 20.
14
What is the remainder when 120 is divided by 27?
12
What is the remainder when 245 is divided by 126?
119
What is the remainder when 429 is divided by 38?
11
Calculate the remainder when 152 is divided by 11.
9
What is the remainder when 1443 is divided by 314?
187
What is the remainder when 1211 is divided by 16?
11
What is the remainder when 1016 is divided by 9?
8
Calculate the remainder when 46 is divided by 24.
22
Calculate the remainder when 125 is divided by 28.
13
Calculate the remainder when 76 is divided by 8.
4
Calculate the remainder when 129 is divided by 65.
64
Calculate the remainder when 22845 is divided by 96.
93
Calculate the remainder when 25086 is divided by 65.
61
Calculate the remainder when 289 is divided by 189.
100
Calculate the remainder when 349 is divided by 60.
49
What is the remainder when 24 is divided by 8?
0
Calculate the remainder when 388 is divided by 128.
4
Calculate the remainder when 3608 is divided by 23.
20
What is the remainder when 48 is divided by 45?
3
What is the remainder when 639 is divided by 128?
127
What is the remainder when 85 is divided by 19?
9
What is the remainder when 3705 is divided by 34?
33
Calculate the remainder when 304 is divided by 44.
40
What is the remainder when 271 is divided by 69?
64
Calculate the remainder when 226 is divided by 10.
6
Calculate the remainder when 602 is divided by 6.
2
Calculate the remainder when 983 is divided by 194.
13
Calculate the remainder when 1286 is divided by 56.
54
Calculate the remainder when 163 is divided by 63.
37
What is the remainder when 1653 is divided by 46?
43
Calculate the remainder when 266 is divided by 14.
0
Calculate the remainder when 159 is divided by 86.
73
Calculate the remainder when 90 is divided by 7.
6
What is the remainder when 125 is divided by 55?
15
What is the remainder when 475 is divided by 149?
28
Calculate the remainder when 415 is divided by 139.
137
What is the remainder when 167 is divided by 9?
5
What is the remainder when 520 is divided by 144?
88
Calculate the remainder when 46 is divided by 20.
6
What is the remainder when 218 is divided by 28?
22
Calculate the remainder when 419 is divided by 30.
29
Calculate the remainder when 115 is divided by 99.
16
Calculate the remainder when 195 is divided by 52.
39
What is the remainder when 2617 is divided by 32?
25
What is the remainder when 935 is divided by 117?
116
Calculate the remainder when 334 is divided by 28.
26
What is the remainder when 267 is divided by 133?
1
What is the remainder when 149 is divided by 65?
19
Calculate the remainder when 560 is divided by 17.
16
What is the remainder when 13660 is divided by 122?
118
Calculate the remainder when 33146 is divided by 381.
380
Calculate the remainder when 118 is divided by 67.
51
What is the remainder when 1703 is divided by 31?
29
Calculate the remainder when 3210 is divided by 63.
60
What is the remainder when 953 is divided by 941?
12
What is the remainder when 162 is divided by 14?
8
Calculate the remainder when 113 is divided by 60.
53
What is the remainder when 1099 is divided by 353?
40
Calculate the remainder when 225 is divided by 38.
35
Calculate the remainder when 946 is divided by 45.
1
Calculate the remainder when 1664 is divided by 119.
117
What is the remainder when 365 is divided by 129?
107
Calculate the remainder when 632 is divided by 12.
8
What is the remainder when 998 is divided by 17?
12
Calculate the remainder when 61 is divided by 19.
4
What is the remainder when 625 is divided by 92?
73
What is the remainder when 611 is divided by 226?
159
What is the remainder when 1198 is divided by 24?
22
Calculate the remainder when 644 is divided by 27.
23
Calculate the remainder when 91 is divided by 12.
7
Calculate the remainder when 115 is divided by 58.
57
Calculate the remainder when 1022 is divided by 129.
119
What is the remainder when 1445 is divided by 6?
5
Calculate the remainder when 4194 is divided by 14.
8
Calculate the remainder when 3381 is divided by 282.
279
Calculate the remainder when 490 is divided by 488.
2
What is the remainder when 3040 is divided by 4?
0
What is the remainder when 1444 is divided by 182?
170
Calculate the remainder when 29 is divided by 21.
8
What is the remainder when 74172 is divided by 11?
10
Calculate the remainder when 140 is divided by 76.
64
What is the remainder when 11659 is divided by 169?
167
What is the remainder when 778 is divided by 114?
94
Calculate the remainder when 44 is divided by 17.
10
What is the remainder when 1340 is divided by 14?
10
Calculate the remainder when 1534 is divided by 57.
52
What is the remainder when 598 is divided by 100?
98
Calculate the remainder when 77 is divided by 44.
33
What is the remainder when 159 is divided by 6?
3
What is the remainder when 105 is divided by 105?
0
What is the remainder when 69 is divided by 19?
12
What is the remainder when 380 is divided by 145?
90
Calculate the remainder when 4800 is divided by 1594.
18
What is the remainder when 120 is divided by 21?
15
What is the remainder when 978 is divided by 70?
68
Calculate the remainder when 855 is divided by 39.
36
Calculate the remainder when 26323 is divided by 12.
7
Calculate the remainder when 260 is divided by 29.
28
What is the remainder when 2825 is divided by 41?
37
What is the remainder when 286 is divided by 23?
10
Calculate the remainder when 15727 is divided by 11.
8
Calculate the remainder when 229 is divided by 10.
9
What is the remainder when 10031 is divided by 66?
65
What is the remainder when 463 is divided by 166?
131
What is the remainder when 1600 is divided by 324?
304
What is the remainder when 131 is divided by 12?
11
What is the remainder when 117 is divided by 26?
13
What is the remainder when 114 is divided by 33?
15
What is the remainder when 74 is divided by 6?
2
What is the remainder when 15172 is divided by 8?
4
What is the remainde